s divided by f.
19
What is the remainder when 0 + (11 + -4)*5 is divided by (-27)/6*(0 + -4)?
17
Suppose -2*q = 3*t - 183, -300 = -5*t - 0*q - 5*q. Calculate the remainder when t is divided by 16.
15
Calculate the remainder when (-20)/80 - 514/16*-2 is divided by 17.
13
Let j(z) be the third derivative of z**5/60 - z**4/24 + 25*z**3/6 + 9*z**2. Calculate the remainder when 49 is divided by j(0).
24
Suppose 0 = -2*h - 2*h. Let t = 5 + h. What is the remainder when t is divided by 3?
2
Suppose 4*x = -4*l + 216, 5*l + x - 354 = -92. What is the remainder when l is divided by 9?
7
Let z(n) = n**2 - 11*n - 2. Calculate the remainder when 15 is divided by z(12).
5
Let d(f) = -4*f**3 - 3*f**2 - 7*f + 12. Let x(h) = 5*h**3 + 2*h**2 + 7*h - 13. Let z(a) = -6*d(a) - 5*x(a). What is the remainder when z(8) is divided by 17?
15
Let t(u) = u**2 + u - 1. Let l be t(1). What is the remainder when 21 is divided by 10 - 2*l/(-2)?
10
Let y be -1 + -14 + (-15)/(-5). Calculate the remainder when (-309)/y - 1/(-4) is divided by 9.
8
Suppose -z = -0*z. Let n = 0 - z. Calculate the remainder when 0/5 - (n + -20) is divided by 11.
9
Suppose 0 = -a + 4*r + 3 + 14, -2 = 2*a + 4*r. Let y = -2 + a. Suppose 4*h - 16 = 4*p, p = y*h - 6*h + 4. What is the remainder when 2 is divided by h?
0
Calculate the remainder when (-20)/(-5) - (-2 + -42) is divided by 10.
8
Let g(m) = 12*m + 41. Let f(x) = -6*x - 20. Let h(s) = 13*f(s) + 6*g(s). What is the remainder when 85 is divided by h(-6)?
19
Suppose 64 = 5*r - 81. Let u be (-6*20/(-8))/1. Let t = r - u. What is the remainder when t is divided by 8?
6
Suppose 0 = -4*v - 7 + 79. Suppose 0 = -2*c + 26 - 4. What is the remainder when v is divided by c?
7
Suppose -3*a - 4*z = -95, -4*a + 0*z + 75 = -5*z. What is the remainder when a is divided by 18?
7
Let s(h) = -h - 1. Let z be s(-4). Suppose -32 = -5*n + z. Calculate the remainder when 33 is divided by n.
5
Suppose -a + 30 = 4*a. Let j(q) = 2*q - 3. What is the remainder when 15 is divided by j(a)?
6
Let c = -47 - -127. Suppose -y - c = -3*y. Suppose 0 = 3*s - 12, b + y = 6*b - 5*s. What is the remainder when 34 is divided by b?
10
Suppose 6*w - w + 2*b + 28 = 0, -4*w = -4*b. Let p(n) = 3*n**2 + 4*n - 3. What is the remainder when p(w) is divided by 15?
14
Let b = -13 - -21. Let a = 76 - 43. Let n = a + -19. What is the remainder when n is divided by b?
6
Let o(x) = 3 - 4 - 3 + 3*x - 1. What is the remainder when 51 is divided by o(6)?
12
Let t = 35 - -59. Suppose 0 = 5*g - u - t, 0*g - 3*u + 6 = g. Let y = -41 + 76. What is the remainder when y is divided by g?
17
Suppose 0 = 4*x - 5*b - 291, -2*x + 4*b = -7*x + 333. Calculate the remainder when x is divided by 18.
15
Let l = 35 - 15. Calculate the remainder when l is divided by 7.
6
Suppose 0 = -p - s - 1, 3*p - 2*p - 4*s = 9. Calculate the remainder when 21 is divided by (-9 + 10)/(p/12).
9
Suppose -h - 13 = 3*b, -7 = 2*b + h + 1. Let s(c) = -c + 1. What is the remainder when (1 + 2)/((-6)/(-32)) is divided by s(b)?
4
Let n = 80 + -30. Let i = -304 - -317. Calculate the remainder when n is divided by i.
11
Let h(k) = k**2 + 3*k - 6. Let o(u) = 3*u**2 + 4*u + 2. What is the remainder when h(6) is divided by o(-3)?
14
Suppose l = -3*g + 40, 5*g - 103 = -3*l + 13. Calculate the remainder when l is divided by 13.
11
Suppose -21 = -4*d + 47. What is the remainder when 31 is divided by d?
14
Suppose 7*r - 12 = 3*r + 4*i, 0 = 5*i + 5. Suppose m + r = 11. What is the remainder when 34 is divided by m?
7
Let d = 45 - -16. Calculate the remainder when d is divided by 9.
7
Let o = 15 - 5. Suppose c = 4 - 2. Suppose -3*x + 2 + 7 = 0, -c*i = 3*x - 43. What is the remainder when i is divided by o?
7
Suppose 60 = 3*v - 2*q, -5*v - 3*q = -0*v - 81. Let p be 0/((-2)/(-1)) - -47. Suppose -p - 109 = -3*x. What is the remainder when x is divided by v?
16
Suppose 4*r = 3*c + 26, -4*r + 12 + 10 = -c. Suppose 3*k = -2*g + 44, -3*k + 18 = 5*g - 29. Calculate the remainder when k is divided by r.
4
Let q = 17 - -5. Suppose -2*y + q = 4*a - 3*a, -4*a + 5*y = -23. Suppose -3*v - 15 = -150. What is the remainder when v is divided by a?
9
Let r be -6*(-1)/4*2. Suppose -9 - 72 = -r*s. Calculate the remainder when s is divided by 14.
13
Suppose -19*d + 14*d + 155 = 0. Calculate the remainder when d is divided by 11.
9
Let l = 10 - 0. What is the remainder when 19 is divided by l?
9
Suppose -4*q + 24 = -32. What is the remainder when 39 is divided by q?
11
Let d(n) = -n**2 - 4*n + 5. Calculate the remainder when (9/6 + -2)*-18 is divided by d(-4).
4
Suppose -5*v - 2*l = -90, 4*v - 6*l = -2*l + 44. Calculate the remainder when v is divided by 9.
7
Let t(u) = 5*u**2 - 10*u + 16. What is the remainder when t(6) is divided by 35?
31
Let h(x) = 3*x + 19. Calculate the remainder when h(-4) is divided by 4.
3
Suppose 70 + 100 = 5*z. Let g be -3 - (-3 + (-16)/(-2)). Calculate the remainder when z is divided by (3 - (-9)/(-2))*g.
10
Suppose 0*y = -3*y + 114. Suppose 3*t = t. Suppose -2*j + 8 = t, -4*j = -4*o + o + 23. What is the remainder when y is divided by o?
12
Let q = -4 - -29. Let j = 62 - q. Calculate the remainder when j is divided by 19.
18
Let m = -22 - -40. Calculate the remainder when m is divided by 12.
6
Let g be (-4)/(-1) + (2 - 4). Suppose g*d - 2 = 6. Calculate the remainder when d is divided by 3.
1
Let q(u) be the second derivative of u**5/20 + 11*u**4/12 + 5*u**3/3 + 7*u**2 - 3*u. What is the remainder when 40 is divided by q(-10)?
12
Let j(b) = b**2 - 15*b + 20. What is the remainder when 46 is divided by j(15)?
6
Suppose -2*m + 3 - 5 = 0. Calculate the remainder when 7 is divided by m - -2 - (-15)/5.
3
Suppose 0 = -0*m + m - 4. Calculate the remainder when 23 is divided by m.
3
Calculate the remainder when (-2 - 91)/((-3)/2) is divided by 16.
14
Let f(z) = -z**2 + 5*z. Let l be f(5). Let j be (4/6)/((-6)/(-45)). Let n = j + l. Calculate the remainder when 7 is divided by n.
2
Suppose -8*i = -4*i - 4. Let m be (0 - -2)/(-4)*0. Suppose m = -k + 7 - i. Calculate the remainder when 17 is divided by k.
5
Let g be 2 + 0 + -2 + 5. Suppose -5*p + 2*p = 3. What is the remainder when 1 is divided by g/4 + p/4?
0
Let y(r) = -r + 1. Calculate the remainder when 6 is divided by y(-3).
2
Let x = -52 - -59. Calculate the remainder when 14 is divided by x.
0
Let t = 55 + -27. Calculate the remainder when t is divided by (-5)/(2 + (-7)/3).
13
Suppose -4*s - 40 = 3*u - 226, -4*s + 190 = u. Let d = s + -31. Calculate the remainder when 49 is divided by d.
15
Let k(a) be the third derivative of a**4/8 - a**3/6 - 3*a**2. Let u be k(4). Let g = 28 - u. What is the remainder when g is divided by 6?
5
Suppose 4*s + 2*d - 20 = s, 2*s - 10 = -2*d. Let o(j) = j**3 - 11*j**2 + 12*j - 3. Calculate the remainder when 67 is divided by o(s).
16
Suppose -2*w + 24 = 2*w. Calculate the remainder when 4*1*10/4 is divided by w.
4
Suppose 0 = 4*q - 5*h - 62, -q = 3*q - 3*h - 58. Suppose -u = -5*u + 96. What is the remainder when u is divided by q?
11
Let a = -12 + 6. What is the remainder when 5 is divided by (9/a)/(12/(-16))?
1
Suppose 4*f - 17 = -369. Let p = f + 123. Calculate the remainder when p is divided by 9.
8
Let f = 42 + -25. Calculate the remainder when 66 is divided by f.
15
Let x(p) = p**3 - 14*p**2 + 15*p + 6. What is the remainder when x(13) is divided by 11?
10
Let t(w) = 91*w**3 - w**2. Suppose 17*c - 253 = 6*c. What is the remainder when t(1) is divided by c?
21
Let c = 75 + -61. Calculate the remainder when 25 is divided by c.
11
Suppose 4*u + 4*w = 7*u - 372, -3*w - 369 = -3*u. What is the remainder when u is divided by 31?
27
Suppose -5*d + 4*d = 2. Let h = d - -14. Calculate the remainder when 22 is divided by h.
10
Let b = -117 - -124. Let a = -9 + 14. What is the remainder when b is divided by a?
2
Let j(x) = x**2 - 4*x - 6. Calculate the remainder when 42 is divided by j(-3).
12
Suppose 5*w + q + 24 = 0, 0*q - 4*q - 28 = 3*w. Let b(o) = 4*o**3 - 2*o**2 - 5*o**3 + 8 - 5 + 3*o. What is the remainder when 68 is divided by b(w)?
22
Suppose 0 = 5*a - 406 - 159. What is the remainder when a is divided by 29?
26
Suppose 96 = 4*q - 4*n, -3 = -0*n + n. What is the remainder when q is divided by 14?
7
Let k be 6/(-9) - (-2)/(-6). Calculate the remainder when 2/(